6e249
In base 6, what is 32 + 3040?
3112
In base 6, what is -1041140430 + 0?
-1041140430
In base 10, what is -462438 - 0?
-462438
In base 13, what is -12a - 74?
-1a1
In base 14, what is 4 - -2b17?
2b1b
In base 14, what is -9427d + -5?
-94284
In base 14, what is 2101 - -35?
2136
In base 9, what is 1407 + 50?
1457
In base 16, what is -14 - -2806?
27f2
In base 9, what is -4 - -33275?
33271
In base 12, what is 618 + -1b42?
-1526
In base 3, what is 112212110121 - -1?
112212110122
In base 6, what is -34143 - -152?
-33551
In base 9, what is -3104 + 75?
-3018
In base 14, what is -1 - 340195?
-340196
In base 8, what is 565737 - 3?
565734
In base 16, what is -801 + -17?
-818
In base 11, what is 5 - 708329?
-708324
In base 13, what is -5a54b + a?
-5a541
In base 13, what is b9 - 1a50?
-1964
In base 2, what is 1010 + 111100000111011?
111100001000101
In base 15, what is c - -9bd1?
9bdd
In base 12, what is 5415 - -6?
541b
In base 11, what is 16927 - 70?
16867
In base 12, what is 36 + -5b6?
-580
In base 16, what is -12 + -1543f?
-15451
In base 8, what is -1373525 - 3?
-1373530
In base 2, what is -100010101010100011100011 - 0?
-100010101010100011100011
In base 7, what is -150 - 241?
-421
In base 13, what is -4 + -259979?
-259980
In base 12, what is 1a2a7 + -35?
1a272
In base 2, what is -101 + -1111001110011?
-1111001111000
In base 6, what is -10552143 + 4?
-10552135
In base 8, what is 506 - -60?
566
In base 11, what is 2 + 9a941?
9a943
In base 9, what is -714 + -188?
-1013
In base 16, what is -1 - -a07f?
a07e
In base 12, what is 5a18b - -2?
5a191
In base 11, what is 32a571 + -1?
32a570
In base 4, what is 12 - 10132311?
-10132233
In base 14, what is 226 - -97?
2bd
In base 5, what is -10 - -1244423?
1244413
In base 9, what is -3 - -25402?
25388
In base 16, what is -32b - -d09?
9de
In base 13, what is 5 + 5046c?
50474
In base 12, what is -3 - -62ab?
62a8
In base 4, what is 3 - 2001?
-1332
In base 10, what is 8106 - -6?
8112
In base 16, what is 2 - -1327?
1329
In base 8, what is 2121 - 17?
2102
In base 2, what is 10000 + -11000011?
-10110011
In base 5, what is -144 - 4310302?
-4311001
In base 9, what is 28 - -853?
882
In base 15, what is -5 - 1c3b?
-1c41
In base 7, what is 2 + -16223?
-16221
In base 10, what is -615 - -519?
-96
In base 8, what is 0 + -1272667?
-1272667
In base 16, what is d576 - 0?
d576
In base 2, what is -1010011011001000 - 101?
-1010011011001101
In base 13, what is 1 + -43b3?
-43b2
In base 11, what is -36088 - -1?
-36087
In base 14, what is 139 + 58a?
6c5
In base 15, what is -5 - -b0939?
b0934
In base 11, what is 1391 - 26?
1366
In base 8, what is 4044 + 32?
4076
In base 9, what is -2883 + -41?
-3034
In base 5, what is 201100240 - -2?
201100242
In base 5, what is -243423 + -3?
-243431
In base 11, what is 4289 + 4?
4292
In base 16, what is -4 - 3395?
-3399
In base 9, what is 34280 + 12?
34302
In base 12, what is 3a85 + -3?
3a82
In base 12, what is 11b326 + 9?
11b333
In base 8, what is -167 + -53527?
-53716
In base 5, what is -1330310 + 12?
-1330243
In base 12, what is b8 + -b25?
-a29
In base 11, what is -545 - 30a?
-854
In base 7, what is -355 - 10263?
-10651
In base 14, what is 18a + a7?
253
In base 2, what is 101111101111100111 - 11?
101111101111100100
In base 14, what is 52 + -1cc?
-17a
In base 6, what is -303 - -1134?
431
In base 8, what is -1174154 + -1?
-1174155
In base 14, what is 4b - -3d8?
445
In base 15, what is 1c28 - 27?
1c01
In base 14, what is -542c + 57?
-53b5
In base 3, what is 112200 + -121100222?
-120211022
In base 15, what is 10332 - -d?
10340
In base 15, what is -2 + -6c01?
-6c03
In base 5, what is -11 - 41424?
-41440
In base 8, what is 1 + -34330?
-34327
In base 11, what is 9082 - 5?
9078
In base 2, what is 100000111000011110101 - 101?
100000111000011110000
In base 15, what is 1 - -ad60?
ad61
In base 10, what is 5067 - 41?
5026
In base 9, what is -637221 + -2?
-637223
In base 5, what is -333 - -2043?
1210
In base 10, what is -7980 + -10?
-7990
In base 13, what is b - 1c25?
-1c17
In base 11, what is -3029 - a34?
-3a62
In base 14, what is -d2b + 4?
-d27
In base 12, what is 1a - -4479?
4497
In base 2, what is -1101111 - -101111111?
100010000
In base 11, what is -4 - 4567a?
-45683
In base 5, what is 240113 + 242?
240410
In base 2, what is 1101100 + 1001101110?
1011011010
In base 8, what is -5 - -117?
112
In base 9, what is 31 + -86382?
-86351
In base 6, what is -13232243 - 1?
-13232244
In base 13, what is -4c + -265?
-2b4
In base 15, what is -5 - b6980?
-b6985
In base 13, what is 3 - -59c35?
59c38
In base 6, what is -2 - -111253?
111251
In base 6, what is 12 + -201101?
-201045
In base 9, what is -2542 - 1147?
-3700
In base 13, what is -1462bc + -6?
-1462c5
In base 16, what is -5d + 577?
51a
In base 3, what is -2 - -2212001112?
2212001110
In base 9, what is 2 - -8034?
8036
In base 16, what is 109a22 - -5?
109a27
In base 13, what is -4ca8 - 15?
-4cc0
In base 5, what is -112 - -321?
204
In base 10, what is -130 - 245?
-375
In base 8, what is -142765 - -1?
-142764
In base 2, what is 0 + -10101000010011?
-10101000010011
In base 2, what is 1000 - -1110000100001101?
1110000100010101
In base 5, what is -2 + 10301424?
10301422
In base 6, what is -1102 - 153130?
-154232
In base 7, what is -654 + 1434?
450
In base 15, what is 137e + -34?
134a
In base 4, what is 10323023 - -1?
10323030
In base 3, what is -11001011012 + 2?
-11001011010
In base 15, what is 68 - 49a5?
-493c
In base 14, what is -89 - -3a0?
315
In base 4, what is 1202131 - 1122?
1201003
In base 14, what is 6d7 + 96d?
1266
In base 10, what is -22 - -1726?
1704
In base 16, what is 30 - -4f?
7f
In base 11, what is 4 - 5762?
-5759
In base 10, what is -387917 + -9?
-387926
In base 4, what is 203313 + -103102?
100211
In base 13, what is c3b5 + 2?
c3b7
In base 15, what is -12885 - 5?
-1288a
In base 2, what is -11000111 - -1000000011100010?
1000000000011011
In base 7, what is 51420 - -13?
51433
In base 10, what is -972 - 2959?
-3931
In base 12, what is -5516061 - 3?
-5516064
In base 16, what is 7a7c - 2?
7a7a
In base 6, what is 50033 - 3?
50030
In base 2, what is -1 - 11000011000111?
-11000011001000
In base 6, what is 3 - -1234104?
1234111
In base 10, what is 4118973 + -2?
4118971
In base 10, what is 100 + -18534?
-18434
In base 13, what is 0 + 57733?
57733
In base 4, what is 1301202111 - 11?
1301202100
In base 3, what is -10 - -10122012101?
10122012021
In base 10, what is 295 + -41?
254
In base 11, what is -12843a + -1?
-128440
In base 11, what is 3850 - -751?
44a1
In base 14, what is -2267 + 1?
-2266
In base 16, what is -5 + 121ad?
121a8
In base 16, what is 52 + 2e0?
332
In base 2, what is 110011100110000010 - 0?
110011100110000010
In base 3, what is -22 - -100221010220?
100221010121
In base 12, what is 521 - -1b7?
718
In base 15, what is 198e + -105?
1889
In base 9, what is -2 + 1213426?
1213424
In base 12, what is 296694 + 5?
296699
In base 13, what is -1 - -32880?
3287c
In base 3, what is 112 - 112000?
-111111
In base 15, what is -e647e - 5?
-e6484
In base 10, what is -1743 - -40?
-1703
In base 10, what is 121 + 36?
157
In base 12, what is 7 - -5a09?
5a14
In base 15, what is -709e - b8?
-7167
In base 12, what is 23 - -14886?
148a9
In base 2, what is -10111101000110010 + 111?
-10111101000101011
In base 14, what is 27 - 2653?
-262a
In base 6, what is 0 + 101123?
101123
In base 11, what is -30 - 35482?
-35502
In base 9, what is 26080 - 3?
26076
In base 10, what is 22458 + 5?
22463
In base 4, what is 10 + 301033310?
301033320
In base 16, what is -1 - f0a53?
-f0a54
In base 6, what is -353 + 555?
202
In base 10, what is -548 + 146?
-402
In base 15, what is 7 - -489a7?
489ae
In base 12, what is -107 - 4728?
-4833
In base 12, what is -2 - 40a5?
-40a7
In base 12, what is 9a76 - 37?
9a3b
In base 14, what is 11 + -cd9c?
-cd8b
In base 9, what is 22 - 180110?
-180077
In base 2, what is 100001110000001 - 1?
100001110000000
In base 10, what is -447 - 166?
-613
In base 2, what is 11 + 1001110000100?
1001110000111
In base 3, what is -10200122122 - -2?
-10200122120
In base 15, what is -72bb7 - -2?
-72bb5
In base 11, what is 87 - -11a75?
12051
In base 6, what is 41 + 2550231?
2550312
In base 2, what is -11111011010010000 + 100?
-11111011010001100
In base 9, what is -75702 - 4?
-75706
In base 2, w